 of z(y)?
9
Let y = 1341 + -814. What is the tens digit of y?
2
Let m be 6/(-5)*(-5)/2. Suppose -2*b = s - 49 + 15, 64 = m*b - 5*s. What is the tens digit of b?
1
Let m(s) be the second derivative of -s**5/120 + s**4/24 + s**3/2 + 6*s. Let v(w) be the second derivative of m(w). What is the units digit of v(-5)?
6
Suppose 5*m + 9681 = 4*s, 0 = -4*s + 30*m - 32*m + 9674. What is the thousands digit of s?
2
Let b(j) = 3*j**3 + j**3 + 17 - 8 - 5*j**3 + 13*j**2 - j. What is the hundreds digit of b(5)?
2
Let f = 3795 + -2352. What is the units digit of f?
3
Suppose -3*o = -u - 22, 20 = -u + 4*o - 7. Let h(f) = -9*f + 8. What is the tens digit of h(u)?
7
Suppose 0 = 6*h - 1263 - 8673. What is the tens digit of h?
5
Let h(g) = 6*g**2 + 35. What is the tens digit of h(-9)?
2
Let u(d) = 81*d**2 - d. Let r(h) = -h - 30. Let o be r(-28). What is the tens digit of u(o)?
2
Let n = -4617 + 8161. What is the thousands digit of n?
3
Suppose -2 = 4*u - 10. Let w be (1/u)/((-1)/2). Let o = w + 2. What is the units digit of o?
1
Let n(r) = 2*r - 2. Let u be n(8). Let b be (2/(-2))/(2/u). What is the units digit of 98/b*12/(-7)?
4
Suppose -139 = -z + 4*w, 2*z - 4*w = -0*z + 262. What is the tens digit of z?
2
Suppose -2*d + 8 + 4 = 0. Let k(c) = 2*c**2 - 7*c + 6. What is the units digit of k(d)?
6
Let x = 3 - 13. Let y = -6 - x. Suppose 4*f - y = 2*f. What is the units digit of f?
2
Let r(i) = 37*i + 409. What is the hundreds digit of r(47)?
1
Suppose 3*p + 0*p = -12. Let b be 1/(-2) + (-326)/p. Suppose 0 = 3*a - 2*o + o - 35, -4*o = 5*a - b. What is the units digit of a?
3
Let j(s) = -21*s**3 + 3*s + 1. Let v be j(-2). Suppose -v = -11*f + 10*f. What is the units digit of f?
3
Let v = -32 + 30. What is the units digit of (-1 - v)*-1 + 33?
2
Let w(t) be the first derivative of -t**3/3 + 17*t**2/2 - 9*t + 7. What is the units digit of w(7)?
1
Let j be 1/4 + (-11187)/(-36). Let x = -172 + j. What is the tens digit of x?
3
Let c = -19 - -20. Suppose -q - 4 - c = -2*h, 4*q - 3*h = 0. Suppose -6 = -l + 3*y + 6, 2*l - 69 = -q*y. What is the units digit of l?
7
Suppose 5*b + 10 + 65 = 0. What is the units digit of -35*(-10)/b*-3?
0
Let z(u) = u**2. Let n be (2/(-10))/(3/(-15)). What is the units digit of z(n)?
1
Let p(w) = 10*w**3 - 6 + 13 - 8. Let c be p(1). Suppose 0*g - c = -g. What is the units digit of g?
9
Let l = -894 - -1722. What is the tens digit of l?
2
Let i be ((-8)/6)/((-2)/9). Let d(j) = j - 2. Let p be d(i). Suppose p*z = 3 + 13. What is the units digit of z?
4
Suppose -254 = -5*m + 356. Suppose 0 = -3*i + m + 172. What is the units digit of i?
8
Suppose 0*g + 4*g + 2*y = 988, g - 265 = 4*y. Suppose 0*z - 3*z + g = 0. What is the tens digit of z?
8
Let h(o) = -18*o + 8. Let v(s) be the first derivative of -s**4/4 - 4*s**3/3 + 5*s**2/2 - 2*s - 6. Let x be v(-5). What is the tens digit of h(x)?
4
Suppose -14*b = -19*b - 35. What is the units digit of (4 + 0)*-1 - b?
3
Let h = 14 + 8. Suppose -h + 6 = -2*r. What is the units digit of r?
8
Let f(n) = 47*n**2 + 11. What is the hundreds digit of f(3)?
4
Let b be (-460)/(-8)*(0 - 2). Let m be (18 - 16)*b/(-2). Suppose -2*p - 24 = -2*g + 2*p, 5*g = -p + m. What is the tens digit of g?
2
Let s = 155 - -331. What is the hundreds digit of s?
4
Let j(a) = 22*a - 33. Let g be j(17). Let i = -167 + g. What is the hundreds digit of i?
1
Suppose 0 = -l - 36 - 62. Let n = -79 - l. What is the units digit of n?
9
Suppose -6 = -2*b - 2, 4*u - 2*b = 16. Let h(r) = 2*r - 6. Let k be h(u). Suppose 4*a + k*m - m = 179, -2*m + 222 = 5*a. What is the tens digit of a?
4
What is the hundreds digit of 3/(12/10876) + 3 - 5?
7
Suppose 46 = b - 2*y - 2*y, -5*b = 2*y - 142. Let c = -15 + b. What is the units digit of c?
5
Suppose -d - 2 = 2*q + 3*d, 0 = q - 4*d - 17. Suppose 110 = q*c - 3*c. What is the units digit of c?
5
Suppose 19 = z - 28. Suppose -4*l + 0*t - t = -283, -5*t + z = l. What is the tens digit of l?
7
Suppose -q = 9*q - 5660. What is the tens digit of q?
6
Let s be 10/15*(-63)/(-6). Suppose -2*g = -5*v - 205, -5*v = -s*v + 2. What is the hundreds digit of g?
1
Let a(k) = 2*k + 7. Let v = -59 + 78. What is the units digit of a(v)?
5
Let t(d) = -12*d + 110. What is the units digit of t(-15)?
0
Suppose 0 = -5*n - 15, 4*d = n - 6*n + 77. What is the units digit of d?
3
Let z(u) = 32*u**2 + 5*u + 1. What is the units digit of z(3)?
4
Let g = 31 - 1. Let z = 26 - g. What is the units digit of (-14)/z*(-9 - -11)?
7
Let x be (12 + -4)*(3 - 2). Suppose -x*q - 115 = -9*q. What is the tens digit of q?
1
Let p be 1012/77 - 3/21. Let m = 48 - 14. Let y = m - p. What is the units digit of y?
1
Let y(z) = -7*z + 3. Let o be 13/4 + (-4)/16. Suppose o = 3*m + 12. What is the tens digit of y(m)?
2
Let c(k) = -7*k**3 + 3*k**2 + 2*k - 10. Let z(n) = -6*n**3 + 3*n**2 + 3*n - 9. Let m(r) = 5*c(r) - 6*z(r). What is the tens digit of m(5)?
1
Suppose -3*b + 24 = b. Let j(p) = p**3 - 3*p**2 + 3*p + 2. Let z be j(b). Suppose 0*n + 83 = 3*x + n, -4*x = -3*n - z. What is the units digit of x?
9
Let b = 153 + -164. Let k be (19/(-3))/((-1)/3). Let y = k - b. What is the units digit of y?
0
Let f(n) = 2*n**2 - 5*n + 6. Let v be f(4). Let y(j) = -2*j + 3. Let x be y(-11). Let k = x - v. What is the units digit of k?
7
Let h(y) = -y**2 - 16*y + 23. What is the tens digit of h(-13)?
6
Let w(b) = -b**2 + 4*b + 7. Let n be w(6). Let q = n - -7. Suppose q*h - 10 = h. What is the units digit of h?
0
Let c(x) = 6*x**2 - 6*x + 15. What is the units digit of c(7)?
7
Suppose -16*q = -12*q - 120. Suppose -5*g + q = 5*r, 5*g + 18 = 7*g + 5*r. What is the units digit of g?
4
Suppose x + 2*a + 8 = 0, 2*x + 3 = a - 3. Let s be -1 - x/(-8)*-2. Suppose -2*l - 3*l + 150 = s. What is the tens digit of l?
3
Suppose 0 = 33*m - 39204 - 6171. What is the thousands digit of m?
1
Suppose 0 = -h + 3*w + 1539, -6*h + h + 7695 = -4*w. What is the tens digit of h?
3
Suppose -3*t + s + 11 = 0, -3*s + 6 - 19 = -4*t. Suppose 176 = t*k - 4*u, k = -5*u + u + 24. What is the units digit of k?
0
Let k be (-11)/(-3) + (-1)/(-3) - 2. Suppose 2*f - 2*g - 6 = -0*g, 3*g + 5 = k*f. What is the units digit of f?
4
What is the units digit of (117/(-27) - -5) + (-7088)/(-6)?
2
Let b be (0 - 99/(-12))*-4. Let t = 0 + -7. What is the units digit of b/(-77) - 263/t?
8
Let x = 3 + -4. What is the tens digit of (x - -51) + (1 - 0)?
5
Let q(b) = b**3 + 8*b**2 + 6*b + 2. Let y be q(-5). Let o be (-1)/3 - 157/(-3). Suppose 2*a = -3*i + y, 3*a + 20 = 5*i - o. What is the units digit of i?
5
Let a(l) = -8*l - 4*l + l**2 + 9*l + 10*l**3 + 26*l**3 + 1. What is the units digit of a(2)?
7
Let k be 2 + (-1 + 2)/(-1). Let h be (8/(-6) + k)*3. Let d(x) = -10*x**3 - x. What is the tens digit of d(h)?
1
Suppose -2*i - 91 = -5*x - i, -2*x + 58 = 5*i. Suppose -18 = -3*l - 3*u, -5*l + 5*u + 0*u = 0. Suppose x = l*b - 2*b. What is the units digit of b?
9
Let b(t) = -2*t**2 + 18*t + 2. Let f be b(9). Suppose -x - 192 = -f*p + 2*x, -4*p = -5*x - 384. What is the units digit of p?
6
Suppose -2888 = -4*d - 4*y, 4*y - 1436 = d - 3*d. What is the units digit of d?
6
Suppose 9*u = 4*u + 20, 0 = 2*z + u - 822. What is the hundreds digit of z?
4
Suppose -y + 8*y - 630 = 0. Suppose 5*z - y = 4*d - 785, -z - 535 = -3*d. What is the hundreds digit of d?
1
Suppose -2*s = -0*s - 4. Suppose s*d - 18 = -d. Suppose d*l - 128 = 2*l. What is the units digit of l?
2
Suppose -g + 2*j + 166 + 1023 = 0, 4*g - 4730 = -5*j. What is the thousands digit of g?
1
Let c(d) = -d**3 - 7*d**2 - 5*d - 9. Let f be c(-7). Let v be (f/(-4))/((-2)/(-4)). What is the units digit of (-8 + 7)/(1/v)?
3
What is the hundreds digit of (-22)/(-33)*3113 - 2/6?
0
Let z(f) = -2*f**3 - 5*f**2 - 3*f + 2. Let p = 31 - 35. What is the tens digit of z(p)?
6
Let c(p) = -2*p - 10. Let i be c(-7). Suppose -2*g + 36 = -i. What is the units digit of g?
0
Let r(t) = -7*t**3 + 4*t**2 - 7*t - 30. What is the tens digit of r(-5)?
8
Let o(f) = -f**3 + 37*f**2 - 207*f + 8. What is the tens digit of o(27)?
0
Suppose -5*k + 0*k = 205. Let o = k - -122. What is the tens digit of o?
8
Suppose -29*b + 3040 = -10*b. What is the units digit of b?
0
Let p = 40 - 47. Let g(d) = 3*d**2 + 16*d + 11. What is the tens digit of g(p)?
4
Let z be (-1)/(-6) + (-91)/42. Let w(i) = 3*i**2 - i + 